{"id":238,"date":"2020-12-20T09:09:57","date_gmt":"2020-12-20T08:09:57","guid":{"rendered":"http:\/\/localhost\/billans\/?page_id=238"},"modified":"2026-03-25T17:10:35","modified_gmt":"2026-03-25T16:10:35","slug":"licence","status":"publish","type":"page","link":"https:\/\/billans.ba\/index.php\/licence\/","title":{"rendered":"Licence"},"content":{"rendered":"<p>[et_pb_section fb_built=&#8221;1&#8221; fullwidth=&#8221;on&#8221; _builder_version=&#8221;4.16&#8221; _module_preset=&#8221;default&#8221; global_colors_info=&#8221;{}&#8221;][et_pb_fullwidth_header title=&#8221;Licence&#8221; _builder_version=&#8221;4.16&#8221; _module_preset=&#8221;default&#8221; use_background_color_gradient=&#8221;on&#8221; background_color_gradient_stops=&#8221;rgba(0,0,0,0.87) 0%|rgba(0,0,0,0.87) 100%&#8221; background_color_gradient_overlays_image=&#8221;on&#8221; background_color_gradient_start=&#8221;rgba(0,0,0,0.87)&#8221; background_color_gradient_end=&#8221;rgba(0,0,0,0.87)&#8221; background_image=&#8221;http:\/\/localhost\/billans\/wp-content\/uploads\/2020\/11\/1.png&#8221; module_alignment=&#8221;center&#8221; global_colors_info=&#8221;{}&#8221;][\/et_pb_fullwidth_header][\/et_pb_section][et_pb_section fb_built=&#8221;1&#8221; _builder_version=&#8221;4.16&#8221; background_color=&#8221;#f2f2f2&#8221; global_colors_info=&#8221;{}&#8221;][et_pb_row _builder_version=&#8221;4.16&#8221; background_size=&#8221;initial&#8221; background_position=&#8221;top_left&#8221; background_repeat=&#8221;repeat&#8221; width=&#8221;51%&#8221; width_tablet=&#8221;&#8221; width_phone=&#8221;94%&#8221; width_last_edited=&#8221;on|desktop&#8221; max_width=&#8221;1265px&#8221; global_colors_info=&#8221;{}&#8221;][et_pb_column type=&#8221;4_4&#8221; _builder_version=&#8221;4.16&#8221; custom_padding=&#8221;|||&#8221; global_colors_info=&#8221;{}&#8221; custom_padding__hover=&#8221;|||&#8221;][et_pb_tabs active_tab_background_color=&#8221;#0c71c3&#8221; active_tab_text_color=&#8221;#ffffff&#8221; _builder_version=&#8221;4.27.5&#8221; _module_preset=&#8221;default&#8221; tab_text_color=&#8221;#0c71c3&#8221; body_line_height=&#8221;2.2em&#8221; tab_font_size=&#8221;20px&#8221; tab_line_height=&#8221;2.5em&#8221; hover_enabled=&#8221;0&#8221; global_colors_info=&#8221;{}&#8221; sticky_enabled=&#8221;0&#8221;][et_pb_tab title=&#8221;Basic licenca&#8221; _builder_version=&#8221;4.27.5&#8221; _module_preset=&#8221;default&#8221; hover_enabled=&#8221;0&#8221; global_colors_info=&#8221;{}&#8221; sticky_enabled=&#8221;0&#8221;]<\/p>\n<p style=\"text-align: justify;\">BASIC omogu\u0107ava evidenciju i pra\u0107enje svih robnih tokova pod nabavke preko skladi\u0161tenja do prodaje uz adekvatne i detaljne izvje\u0161taje svih robno-materijalnih promjena. Podrazumijeva izdavanje predra\u010duna, narud\u017ebi, otpremnica i ra\u010duna iz maloprodaje\/veleprodaje uz direktans ispis na fiskalnim ure\u0111ajima. U cijenu je uklju\u010deno jedno preduze\u0107e i jedan korisnik. Billans POS je offline aplikacija za pregled zaliha i izdavanje ra\u010duna. Jednostavno se sinhronizira sa Billans aplikacijom. Instalacija POS Billans podrazumijeva BASIC licencu Billansa.<\/p>\n<p><strong>Cijena licence 50 KM+ PDV .<\/strong><\/p>\n<p>[\/et_pb_tab][et_pb_tab title=&#8221;Silver licenca&#8221; _builder_version=&#8221;4.27.5&#8221; _module_preset=&#8221;default&#8221; hover_enabled=&#8221;0&#8221; global_colors_info=&#8221;{}&#8221; sticky_enabled=&#8221;0&#8221;]<\/p>\n<p style=\"text-align: justify;\">SILVER licenca omogu\u0107ava neograni\u010deno kori\u0161tenje svih funkcija Billansa osim obra\u010duna plata. Pored funkcionalnosti robnog dijela, podrazumijeva finansijsku operativu sa refleksijom svih evidentiranih promjena po unaprijed predefinisanim shemama knji\u017eenja. Podrazumijeva automatsko a\u017euriranje PDV obra\u010duna, otvorenih stavki, evidenciju i amortizaciju osnovnih sredstava i \u0161irok spektar izvje\u0161taja uz mogu\u0107nost exporta u razne formate datoteka. U cijenu osnovne licence uklju\u010deni su jedno preduze\u0107e i jedan korisnik.<\/p>\n<p style=\"text-align: justify;\"><strong>Cijena licence 80 KM + PDV.<\/strong><\/p>\n<p>[\/et_pb_tab][et_pb_tab title=&#8221;Gold licenca&#8221; _builder_version=&#8221;4.27.5&#8221; _module_preset=&#8221;default&#8221; hover_enabled=&#8221;0&#8221; global_colors_info=&#8221;{}&#8221; sticky_enabled=&#8221;0&#8221;]<\/p>\n<p style=\"text-align: justify;\">Gold licenca omogu\u0107ava neograni\u010deno kori\u0161tenje svih funkcija Billansa. Podrazumijeva robno materijalno knjigovodstvo, finansijsku operativu, kadrovske evidencije kao i obra\u010dun plata i drugih li\u010dnih primanja. U cijenu osnovne licence uklju\u010deni su jedno preduze\u0107e i jedan korisnik.<\/p>\n<p style=\"text-align: justify;\"><strong>Cijena licence 100 KM + PDV.<\/strong><\/p>\n<p>[\/et_pb_tab][et_pb_tab title=&#8221;Platinum licenca&#8221; _builder_version=&#8221;4.27.5&#8221; _module_preset=&#8221;default&#8221; hover_enabled=&#8221;0&#8221; global_colors_info=&#8221;{}&#8221; sticky_enabled=&#8221;0&#8221;]<\/p>\n<p style=\"text-align: justify;\">PLATINIUM licenca podrazumijeva kori\u0161tenje svih modula Billans aplikacije uz neograni\u010den broj firmi\/organizacija po jednom korisniku licence.<\/p>\n<p style=\"text-align: justify;\"><strong>Cijena licence 80 KM + PDV.<\/strong><\/p>\n<p>[\/et_pb_tab][\/et_pb_tabs][et_pb_text _builder_version=&#8221;4.16&#8221; _module_preset=&#8221;default&#8221; text_text_color=&#8221;#ffffff&#8221; background_color=&#8221;#0c71c3&#8221; global_colors_info=&#8221;{}&#8221;]<\/p>\n<div class=\"g-grid\">\n<div class=\"g-block size-100 box3 full-width center nomarginall nopaddingall\">\n<div id=\"custom-1706-particle\" class=\"g-content g-particle\">\n<p style=\"text-align: center;\"><b>*Licence se iznajmljuju na mjese\u010dnom nivou. Na avansne uplate za 3, 6 i 12 mjeseci odobravamo posebne popuste.<\/b><\/p>\n<\/div>\n<\/div>\n<\/div>\n<div class=\"g-grid\">\n<div class=\"g-block size-100 center full-width nomarginall nopaddingall\">\n<div id=\"custom-8237-particle\" class=\"g-content g-particle\"><\/div>\n<\/div>\n<\/div>\n<p>[\/et_pb_text][\/et_pb_column][\/et_pb_row][\/et_pb_section][et_pb_section fb_built=&#8221;1&#8221; _builder_version=&#8221;4.16&#8221; _module_preset=&#8221;default&#8221; custom_padding=&#8221;||78px|||&#8221; global_colors_info=&#8221;{}&#8221;][et_pb_row _builder_version=&#8221;4.16&#8221; _module_preset=&#8221;default&#8221; global_colors_info=&#8221;{}&#8221;][et_pb_column type=&#8221;4_4&#8221; _builder_version=&#8221;4.16&#8221; _module_preset=&#8221;default&#8221; global_colors_info=&#8221;{}&#8221;][et_pb_text _builder_version=&#8221;4.27.5&#8221; _module_preset=&#8221;default&#8221; hover_enabled=&#8221;0&#8221; global_colors_info=&#8221;{}&#8221; sticky_enabled=&#8221;0&#8221;]<\/p>\n<h2>Usluge obuke, implementacije i podr\u0161ke<\/h2>\n<p>Obuka korisnika je obavezna i ne ulazi u cijenu licenci.<\/p>\n<p>Trajanje obuke zavisi od potreba korisnika a minimalno je 2 radna sata po licenci. Obuka, implementacija i podr\u0161ka korisnicima Billans e-ra\u010dunovodstva evidentira se putem radnog naloga koji je osnov za fakturisanje.<\/p>\n<p>Cijena radnog sata implementatora (obuka i podr\u0161ka) je 60,00 KM + PDV.<\/p>\n<p>[\/et_pb_text][\/et_pb_column][\/et_pb_row][\/et_pb_section][et_pb_section fb_built=&#8221;1&#8221; _builder_version=&#8221;4.16&#8221; _module_preset=&#8221;default&#8221; background_color=&#8221;#f2f2f2&#8221; custom_padding=&#8221;100px||100px|||&#8221; global_colors_info=&#8221;{}&#8221;][et_pb_row column_structure=&#8221;1_2,1_2&#8221; _builder_version=&#8221;4.16&#8221; _module_preset=&#8221;default&#8221; background_color=&#8221;#ffffff&#8221; custom_padding=&#8221;|1%||1%|false|false&#8221; global_colors_info=&#8221;{}&#8221;][et_pb_column type=&#8221;1_2&#8221; _builder_version=&#8221;4.16&#8221; _module_preset=&#8221;default&#8221; global_colors_info=&#8221;{}&#8221;][et_pb_contact_form use_spam_service=&#8221;on&#8221; recaptcha_list=&#8221;Default|Default-0&#8221; email=&#8221;info@billans.ba, anela@billans.ba&#8221; title=&#8221;Zahtjev za demo&#8221; custom_message=&#8221;Ime prezime: %%Name%%||et_pb_line_break_holder||Email: %%Email%%||et_pb_line_break_holder||Telefon: %%telefon%%||et_pb_line_break_holder||Kako ste \u010duli za nas: %%kako%%&#8221; submit_button_text=&#8221;Po\u0161alji&#8221; _builder_version=&#8221;4.27.5&#8221; _module_preset=&#8221;default&#8221; _unique_id=&#8221;a01239f4-dd52-43ec-9cfb-042fb255b074&#8221; global_colors_info=&#8221;{}&#8221;][et_pb_contact_field field_id=&#8221;Name&#8221; field_title=&#8221;Ime i prezime&#8221; _builder_version=&#8221;4.16&#8221; global_colors_info=&#8221;{}&#8221; button_text_size__hover_enabled=&#8221;off&#8221; button_one_text_size__hover_enabled=&#8221;off&#8221; button_two_text_size__hover_enabled=&#8221;off&#8221; button_text_color__hover_enabled=&#8221;off&#8221; button_one_text_color__hover_enabled=&#8221;off&#8221; button_two_text_color__hover_enabled=&#8221;off&#8221; button_border_width__hover_enabled=&#8221;off&#8221; button_one_border_width__hover_enabled=&#8221;off&#8221; button_two_border_width__hover_enabled=&#8221;off&#8221; button_border_color__hover_enabled=&#8221;off&#8221; button_one_border_color__hover_enabled=&#8221;off&#8221; button_two_border_color__hover_enabled=&#8221;off&#8221; button_border_radius__hover_enabled=&#8221;off&#8221; button_one_border_radius__hover_enabled=&#8221;off&#8221; button_two_border_radius__hover_enabled=&#8221;off&#8221; button_letter_spacing__hover_enabled=&#8221;off&#8221; button_one_letter_spacing__hover_enabled=&#8221;off&#8221; button_two_letter_spacing__hover_enabled=&#8221;off&#8221; button_bg_color__hover_enabled=&#8221;off&#8221; button_one_bg_color__hover_enabled=&#8221;off&#8221; button_two_bg_color__hover_enabled=&#8221;off&#8221;][\/et_pb_contact_field][et_pb_contact_field field_id=&#8221;Email&#8221; field_title=&#8221;Email Adresa&#8221; field_type=&#8221;email&#8221; _builder_version=&#8221;4.16&#8221; global_colors_info=&#8221;{}&#8221; button_text_size__hover_enabled=&#8221;off&#8221; button_one_text_size__hover_enabled=&#8221;off&#8221; button_two_text_size__hover_enabled=&#8221;off&#8221; button_text_color__hover_enabled=&#8221;off&#8221; button_one_text_color__hover_enabled=&#8221;off&#8221; button_two_text_color__hover_enabled=&#8221;off&#8221; button_border_width__hover_enabled=&#8221;off&#8221; button_one_border_width__hover_enabled=&#8221;off&#8221; button_two_border_width__hover_enabled=&#8221;off&#8221; button_border_color__hover_enabled=&#8221;off&#8221; button_one_border_color__hover_enabled=&#8221;off&#8221; button_two_border_color__hover_enabled=&#8221;off&#8221; button_border_radius__hover_enabled=&#8221;off&#8221; button_one_border_radius__hover_enabled=&#8221;off&#8221; button_two_border_radius__hover_enabled=&#8221;off&#8221; button_letter_spacing__hover_enabled=&#8221;off&#8221; button_one_letter_spacing__hover_enabled=&#8221;off&#8221; button_two_letter_spacing__hover_enabled=&#8221;off&#8221; button_bg_color__hover_enabled=&#8221;off&#8221; button_one_bg_color__hover_enabled=&#8221;off&#8221; button_two_bg_color__hover_enabled=&#8221;off&#8221;][\/et_pb_contact_field][et_pb_contact_field field_id=&#8221;telefon&#8221; field_title=&#8221;Broj telefona&#8221; allowed_symbols=&#8221;numbers&#8221; fullwidth_field=&#8221;on&#8221; _builder_version=&#8221;4.16&#8221; global_colors_info=&#8221;{}&#8221; button_text_size__hover_enabled=&#8221;off&#8221; button_one_text_size__hover_enabled=&#8221;off&#8221; button_two_text_size__hover_enabled=&#8221;off&#8221; button_text_color__hover_enabled=&#8221;off&#8221; button_one_text_color__hover_enabled=&#8221;off&#8221; button_two_text_color__hover_enabled=&#8221;off&#8221; button_border_width__hover_enabled=&#8221;off&#8221; button_one_border_width__hover_enabled=&#8221;off&#8221; button_two_border_width__hover_enabled=&#8221;off&#8221; button_border_color__hover_enabled=&#8221;off&#8221; button_one_border_color__hover_enabled=&#8221;off&#8221; button_two_border_color__hover_enabled=&#8221;off&#8221; button_border_radius__hover_enabled=&#8221;off&#8221; button_one_border_radius__hover_enabled=&#8221;off&#8221; button_two_border_radius__hover_enabled=&#8221;off&#8221; button_letter_spacing__hover_enabled=&#8221;off&#8221; button_one_letter_spacing__hover_enabled=&#8221;off&#8221; button_two_letter_spacing__hover_enabled=&#8221;off&#8221; button_bg_color__hover_enabled=&#8221;off&#8221; button_one_bg_color__hover_enabled=&#8221;off&#8221; button_two_bg_color__hover_enabled=&#8221;off&#8221;][\/et_pb_contact_field][et_pb_contact_field field_id=&#8221;kako&#8221; field_title=&#8221;Kako ste \u010duli za nas?&#8221; field_type=&#8221;checkbox&#8221; checkbox_options=&#8221;%91{%22value%22:%22Dru\u0161tvene mre\u017ee%22,%22checked%22:0,%22dragID%22:-1},{%22value%22:%22Pretra\u017eivanjem interneta%22,%22checked%22:0,%22dragID%22:0},{%22value%22:%22Po preporuci prijatelja%22,%22checked%22:0,%22dragID%22:1}%93&#8221; fullwidth_field=&#8221;on&#8221; _builder_version=&#8221;4.16&#8221; _module_preset=&#8221;default&#8221; global_colors_info=&#8221;{}&#8221;][\/et_pb_contact_field][et_pb_contact_field field_id=&#8221;Saglasnost&#8221; field_title=&#8221;Saglasnost &#8221; field_type=&#8221;checkbox&#8221; checkbox_options=&#8221;%91{%22value%22:%22 Slanjem forme dajem saglasnost da se moji li\u010dni podaci koriste isklju\u010divo radi obrade upita\/zakazivanja i odgovora na isti, u skladu s Politikom privatnosti. Saglasnost mogu povu\u0107i u svakom trenutku.%22,%22checked%22:1,%22dragID%22:-1,%22link_url%22:%22\/politika-privatnosti%22,%22link_text%22:%22%22}%93&#8221; required_mark=&#8221;off&#8221; fullwidth_field=&#8221;on&#8221; _builder_version=&#8221;4.27.5&#8221; _module_preset=&#8221;default&#8221; global_colors_info=&#8221;{}&#8221;][\/et_pb_contact_field][\/et_pb_contact_form][\/et_pb_column][et_pb_column type=&#8221;1_2&#8221; _builder_version=&#8221;4.16&#8221; _module_preset=&#8221;default&#8221; global_colors_info=&#8221;{}&#8221;][et_pb_image src=&#8221;https:\/\/billans.ba\/wp-content\/uploads\/2020\/11\/2.png&#8221; title_text=&#8221;2&#8221; _builder_version=&#8221;4.16&#8221; _module_preset=&#8221;default&#8221; global_colors_info=&#8221;{}&#8221;][\/et_pb_image][\/et_pb_column][\/et_pb_row][\/et_pb_section]<\/p>\n","protected":false},"excerpt":{"rendered":"<p>BASIC omogu\u0107ava evidenciju i pra\u0107enje svih robnih tokova pod nabavke preko skladi\u0161tenja do prodaje uz adekvatne i detaljne izvje\u0161taje svih robno-materijalnih promjena. Podrazumijeva izdavanje predra\u010duna, narud\u017ebi, otpremnica i ra\u010duna iz maloprodaje\/veleprodaje uz direktans ispis na fiskalnim ure\u0111ajima. U cijenu je uklju\u010deno jedno preduze\u0107e i jedan korisnik. Billans POS je offline aplikacija za pregled zaliha i [&hellip;]<\/p>\n","protected":false},"author":1,"featured_media":0,"parent":0,"menu_order":0,"comment_status":"closed","ping_status":"closed","template":"","meta":{"_et_pb_use_builder":"on","_et_pb_old_content":"","_et_gb_content_width":"","footnotes":""},"class_list":["post-238","page","type-page","status-publish","hentry"],"yoast_head":"<!-- This site is optimized with the Yoast SEO plugin v26.9 - https:\/\/yoast.com\/product\/yoast-seo-wordpress\/ -->\n<title>Licence - Billans International BH<\/title>\n<meta name=\"robots\" content=\"index, follow, max-snippet:-1, max-image-preview:large, max-video-preview:-1\" \/>\n<link rel=\"canonical\" href=\"https:\/\/billans.ba\/index.php\/licence\/\" \/>\n<meta property=\"og:locale\" content=\"bs_BA\" \/>\n<meta property=\"og:type\" content=\"article\" \/>\n<meta property=\"og:title\" content=\"Licence - Billans International BH\" \/>\n<meta property=\"og:description\" content=\"BASIC omogu\u0107ava evidenciju i pra\u0107enje svih robnih tokova pod nabavke preko skladi\u0161tenja do prodaje uz adekvatne i detaljne izvje\u0161taje svih robno-materijalnih promjena. Podrazumijeva izdavanje predra\u010duna, narud\u017ebi, otpremnica i ra\u010duna iz maloprodaje\/veleprodaje uz direktans ispis na fiskalnim ure\u0111ajima. U cijenu je uklju\u010deno jedno preduze\u0107e i jedan korisnik. Billans POS je offline aplikacija za pregled zaliha i [&hellip;]\" \/>\n<meta property=\"og:url\" content=\"https:\/\/billans.ba\/index.php\/licence\/\" \/>\n<meta property=\"og:site_name\" content=\"Billans International BH\" \/>\n<meta property=\"article:modified_time\" content=\"2026-03-25T16:10:35+00:00\" \/>\n<meta property=\"og:image\" content=\"https:\/\/billans.ba\/wp-content\/uploads\/2020\/11\/1.png\" \/>\n\t<meta property=\"og:image:width\" content=\"1920\" \/>\n\t<meta property=\"og:image:height\" content=\"1080\" \/>\n\t<meta property=\"og:image:type\" content=\"image\/png\" \/>\n<meta name=\"twitter:card\" content=\"summary_large_image\" \/>\n<meta name=\"twitter:label1\" content=\"Est. reading time\" \/>\n\t<meta name=\"twitter:data1\" content=\"7 minuta\" \/>\n<script type=\"application\/ld+json\" class=\"yoast-schema-graph\">{\"@context\":\"https:\/\/schema.org\",\"@graph\":[{\"@type\":\"WebPage\",\"@id\":\"https:\/\/billans.ba\/index.php\/licence\/\",\"url\":\"https:\/\/billans.ba\/index.php\/licence\/\",\"name\":\"Licence - Billans International BH\",\"isPartOf\":{\"@id\":\"https:\/\/billans.ba\/#website\"},\"datePublished\":\"2020-12-20T08:09:57+00:00\",\"dateModified\":\"2026-03-25T16:10:35+00:00\",\"breadcrumb\":{\"@id\":\"https:\/\/billans.ba\/index.php\/licence\/#breadcrumb\"},\"inLanguage\":\"bs-BA\",\"potentialAction\":[{\"@type\":\"ReadAction\",\"target\":[\"https:\/\/billans.ba\/index.php\/licence\/\"]}]},{\"@type\":\"BreadcrumbList\",\"@id\":\"https:\/\/billans.ba\/index.php\/licence\/#breadcrumb\",\"itemListElement\":[{\"@type\":\"ListItem\",\"position\":1,\"name\":\"Home\",\"item\":\"https:\/\/billans.ba\/\"},{\"@type\":\"ListItem\",\"position\":2,\"name\":\"Licence\"}]},{\"@type\":\"WebSite\",\"@id\":\"https:\/\/billans.ba\/#website\",\"url\":\"https:\/\/billans.ba\/\",\"name\":\"Billans International BH\",\"description\":\"Oficijelna web prezentacija\",\"publisher\":{\"@id\":\"https:\/\/billans.ba\/#organization\"},\"potentialAction\":[{\"@type\":\"SearchAction\",\"target\":{\"@type\":\"EntryPoint\",\"urlTemplate\":\"https:\/\/billans.ba\/?s={search_term_string}\"},\"query-input\":{\"@type\":\"PropertyValueSpecification\",\"valueRequired\":true,\"valueName\":\"search_term_string\"}}],\"inLanguage\":\"bs-BA\"},{\"@type\":\"Organization\",\"@id\":\"https:\/\/billans.ba\/#organization\",\"name\":\"Billans BH International\",\"url\":\"https:\/\/billans.ba\/\",\"logo\":{\"@type\":\"ImageObject\",\"inLanguage\":\"bs-BA\",\"@id\":\"https:\/\/billans.ba\/#\/schema\/logo\/image\/\",\"url\":\"https:\/\/billans.ba\/wp-content\/uploads\/2020\/11\/billans-white.png\",\"contentUrl\":\"https:\/\/billans.ba\/wp-content\/uploads\/2020\/11\/billans-white.png\",\"width\":620,\"height\":330,\"caption\":\"Billans BH International\"},\"image\":{\"@id\":\"https:\/\/billans.ba\/#\/schema\/logo\/image\/\"}}]}<\/script>\n<!-- \/ Yoast SEO plugin. -->","yoast_head_json":{"title":"Licence - Billans International BH","robots":{"index":"index","follow":"follow","max-snippet":"max-snippet:-1","max-image-preview":"max-image-preview:large","max-video-preview":"max-video-preview:-1"},"canonical":"https:\/\/billans.ba\/index.php\/licence\/","og_locale":"bs_BA","og_type":"article","og_title":"Licence - Billans International BH","og_description":"BASIC omogu\u0107ava evidenciju i pra\u0107enje svih robnih tokova pod nabavke preko skladi\u0161tenja do prodaje uz adekvatne i detaljne izvje\u0161taje svih robno-materijalnih promjena. Podrazumijeva izdavanje predra\u010duna, narud\u017ebi, otpremnica i ra\u010duna iz maloprodaje\/veleprodaje uz direktans ispis na fiskalnim ure\u0111ajima. U cijenu je uklju\u010deno jedno preduze\u0107e i jedan korisnik. Billans POS je offline aplikacija za pregled zaliha i [&hellip;]","og_url":"https:\/\/billans.ba\/index.php\/licence\/","og_site_name":"Billans International BH","article_modified_time":"2026-03-25T16:10:35+00:00","og_image":[{"width":1920,"height":1080,"url":"https:\/\/billans.ba\/wp-content\/uploads\/2020\/11\/1.png","type":"image\/png"}],"twitter_card":"summary_large_image","twitter_misc":{"Est. reading time":"7 minuta"},"schema":{"@context":"https:\/\/schema.org","@graph":[{"@type":"WebPage","@id":"https:\/\/billans.ba\/index.php\/licence\/","url":"https:\/\/billans.ba\/index.php\/licence\/","name":"Licence - Billans International BH","isPartOf":{"@id":"https:\/\/billans.ba\/#website"},"datePublished":"2020-12-20T08:09:57+00:00","dateModified":"2026-03-25T16:10:35+00:00","breadcrumb":{"@id":"https:\/\/billans.ba\/index.php\/licence\/#breadcrumb"},"inLanguage":"bs-BA","potentialAction":[{"@type":"ReadAction","target":["https:\/\/billans.ba\/index.php\/licence\/"]}]},{"@type":"BreadcrumbList","@id":"https:\/\/billans.ba\/index.php\/licence\/#breadcrumb","itemListElement":[{"@type":"ListItem","position":1,"name":"Home","item":"https:\/\/billans.ba\/"},{"@type":"ListItem","position":2,"name":"Licence"}]},{"@type":"WebSite","@id":"https:\/\/billans.ba\/#website","url":"https:\/\/billans.ba\/","name":"Billans International BH","description":"Oficijelna web prezentacija","publisher":{"@id":"https:\/\/billans.ba\/#organization"},"potentialAction":[{"@type":"SearchAction","target":{"@type":"EntryPoint","urlTemplate":"https:\/\/billans.ba\/?s={search_term_string}"},"query-input":{"@type":"PropertyValueSpecification","valueRequired":true,"valueName":"search_term_string"}}],"inLanguage":"bs-BA"},{"@type":"Organization","@id":"https:\/\/billans.ba\/#organization","name":"Billans BH International","url":"https:\/\/billans.ba\/","logo":{"@type":"ImageObject","inLanguage":"bs-BA","@id":"https:\/\/billans.ba\/#\/schema\/logo\/image\/","url":"https:\/\/billans.ba\/wp-content\/uploads\/2020\/11\/billans-white.png","contentUrl":"https:\/\/billans.ba\/wp-content\/uploads\/2020\/11\/billans-white.png","width":620,"height":330,"caption":"Billans BH International"},"image":{"@id":"https:\/\/billans.ba\/#\/schema\/logo\/image\/"}}]}},"_links":{"self":[{"href":"https:\/\/billans.ba\/index.php\/wp-json\/wp\/v2\/pages\/238","targetHints":{"allow":["GET"]}}],"collection":[{"href":"https:\/\/billans.ba\/index.php\/wp-json\/wp\/v2\/pages"}],"about":[{"href":"https:\/\/billans.ba\/index.php\/wp-json\/wp\/v2\/types\/page"}],"author":[{"embeddable":true,"href":"https:\/\/billans.ba\/index.php\/wp-json\/wp\/v2\/users\/1"}],"replies":[{"embeddable":true,"href":"https:\/\/billans.ba\/index.php\/wp-json\/wp\/v2\/comments?post=238"}],"version-history":[{"count":10,"href":"https:\/\/billans.ba\/index.php\/wp-json\/wp\/v2\/pages\/238\/revisions"}],"predecessor-version":[{"id":495,"href":"https:\/\/billans.ba\/index.php\/wp-json\/wp\/v2\/pages\/238\/revisions\/495"}],"wp:attachment":[{"href":"https:\/\/billans.ba\/index.php\/wp-json\/wp\/v2\/media?parent=238"}],"curies":[{"name":"wp","href":"https:\/\/api.w.org\/{rel}","templated":true}]}}